{"id":470,"date":"2024-10-16T23:16:40","date_gmt":"2024-10-16T21:16:40","guid":{"rendered":"http:\/\/localhost:8888\/latinstudio\/?page_id=470"},"modified":"2026-02-17T21:31:09","modified_gmt":"2026-02-17T20:31:09","slug":"hip-hop","status":"publish","type":"page","link":"https:\/\/latinstudio.fr\/index.php\/notre-ecole\/les-disciplines\/hip-hop\/","title":{"rendered":"Hip hop"},"content":{"rendered":"<p>[et_pb_section fb_built=\u00a0\u00bb1&Prime; _builder_version=\u00a0\u00bb4.27.2&Prime; _module_preset=\u00a0\u00bbdefault\u00a0\u00bb global_colors_info=\u00a0\u00bb{}\u00a0\u00bb][et_pb_row _builder_version=\u00a0\u00bb4.27.2&Prime; _module_preset=\u00a0\u00bbdefault\u00a0\u00bb global_colors_info=\u00a0\u00bb{}\u00a0\u00bb][et_pb_column type=\u00a0\u00bb4_4&Prime; _builder_version=\u00a0\u00bb4.27.2&Prime; _module_preset=\u00a0\u00bbdefault\u00a0\u00bb global_colors_info=\u00a0\u00bb{}\u00a0\u00bb][et_pb_text _builder_version=\u00a0\u00bb4.27.5&Prime; _module_preset=\u00a0\u00bbdefault\u00a0\u00bb hover_enabled=\u00a0\u00bb0&Prime; custom_css_free_form=\u00a0\u00bbSelector ul{||  margin-top: -15px||}\u00a0\u00bb global_colors_info=\u00a0\u00bb{}\u00a0\u00bb sticky_enabled=\u00a0\u00bb0&Prime;]<\/p>\n<h1 style=\"text-align: center;\">Hip hop<\/h1>\n<p style=\"text-align: center;\"><a href=\"https:\/\/latinstudio.yotipi.fr\/index.php\/notre-ecole\/lequipe\/clara\/\">Avec Clara<\/a><\/p>\n<p>&nbsp;<\/p>\n<p>Le hip-hop est un mouvement culturel et artistique apparu aux \u00c9tats-Unis \u00e0 New York, dans le South Bronx au d\u00e9but des ann\u00e9es 1970.<\/p>\n<p>Originaire des ghettos noirs et latinos de New York, il se r\u00e9pandra rapidement dans l&rsquo;ensemble du pays puis au monde entier au point de devenir une culture urbaine importante.<\/p>\n<p>La culture hip hop conna\u00eet plusieurs disciplines : le rap (ou MCing), le DJing, le break dancing (ou b-boying), le graffiti, le beatboxing. Ces disciplines, apparues avant le hip hop, seront int\u00e9gr\u00e9es d\u00e8s la naissance du mouvement.<\/p>\n<p>Cours:<\/p>\n<ul>\n<li>Enfant (6-8 ans): Le mardi de 18h \u00e0 19h.<\/li>\n<li>Enfant (8-11 ans): Le mardi de 19h \u00e0 20h.<\/li>\n<li>Ado (12-15 ans): Le vendredi de 19h \u00e0 20h.<\/li>\n<\/ul>\n<p class=\"has-text-align-center\" style=\"text-align: left;\">Retrouvez ce cours les Lundi, Mardi et Vendredi &#8211; <span>Voir le\u00a0<\/span><a href=\"https:\/\/latinstudio.yotipi.fr\/index.php\/planning\/\" data-type=\"URL\" data-id=\"https:\/\/www.latinstudio.fr\/planning-des-cours\/\">planning<\/a><\/p>\n<p>[\/et_pb_text][\/et_pb_column][\/et_pb_row][et_pb_row _builder_version=\u00a0\u00bb4.27.2&Prime; _module_preset=\u00a0\u00bbdefault\u00a0\u00bb global_colors_info=\u00a0\u00bb{}\u00a0\u00bb][et_pb_column type=\u00a0\u00bb4_4&Prime; _builder_version=\u00a0\u00bb4.27.2&Prime; _module_preset=\u00a0\u00bbdefault\u00a0\u00bb global_colors_info=\u00a0\u00bb{}\u00a0\u00bb][et_pb_video src=\u00a0\u00bbhttps:\/\/latinstudio.yotipi.fr\/wp-content\/uploads\/2025\/08\/Hip_hop.mov\u00a0\u00bb image_src=\u00a0\u00bbhttp:\/\/localhost:8888\/latinstudio\/wp-content\/uploads\/2024\/10\/home-office-01.jpg\u00a0\u00bb _builder_version=\u00a0\u00bb4.27.4&Prime; width=\u00a0\u00bb40%\u00a0\u00bb module_alignment=\u00a0\u00bbcenter\u00a0\u00bb animation_direction=\u00a0\u00bbbottom\u00a0\u00bb box_shadow_style=\u00a0\u00bbpreset5&Prime; box_shadow_vertical=\u00a0\u00bb0px\u00a0\u00bb box_shadow_spread=\u00a0\u00bb20px\u00a0\u00bb box_shadow_color=\u00a0\u00bb#ffffff\u00a0\u00bb global_colors_info=\u00a0\u00bb{}\u00a0\u00bb][\/et_pb_video][\/et_pb_column][\/et_pb_row][\/et_pb_section]<\/p>\n","protected":false},"excerpt":{"rendered":"<p>Hip hop Avec Clara &nbsp; Le hip-hop est un mouvement culturel et artistique apparu aux \u00c9tats-Unis \u00e0 New York, dans le South Bronx au d\u00e9but des ann\u00e9es 1970. Originaire des ghettos noirs et latinos de New York, il se r\u00e9pandra rapidement dans l&rsquo;ensemble du pays puis au monde entier au point de devenir une culture [&hellip;]<\/p>\n","protected":false},"author":1,"featured_media":0,"parent":24,"menu_order":0,"comment_status":"closed","ping_status":"closed","template":"","meta":{"_et_pb_use_builder":"on","_et_pb_old_content":"","_et_gb_content_width":"","footnotes":""},"class_list":["post-470","page","type-page","status-publish","hentry"],"_links":{"self":[{"href":"https:\/\/latinstudio.fr\/index.php\/wp-json\/wp\/v2\/pages\/470","targetHints":{"allow":["GET"]}}],"collection":[{"href":"https:\/\/latinstudio.fr\/index.php\/wp-json\/wp\/v2\/pages"}],"about":[{"href":"https:\/\/latinstudio.fr\/index.php\/wp-json\/wp\/v2\/types\/page"}],"author":[{"embeddable":true,"href":"https:\/\/latinstudio.fr\/index.php\/wp-json\/wp\/v2\/users\/1"}],"replies":[{"embeddable":true,"href":"https:\/\/latinstudio.fr\/index.php\/wp-json\/wp\/v2\/comments?post=470"}],"version-history":[{"count":6,"href":"https:\/\/latinstudio.fr\/index.php\/wp-json\/wp\/v2\/pages\/470\/revisions"}],"predecessor-version":[{"id":1212,"href":"https:\/\/latinstudio.fr\/index.php\/wp-json\/wp\/v2\/pages\/470\/revisions\/1212"}],"up":[{"embeddable":true,"href":"https:\/\/latinstudio.fr\/index.php\/wp-json\/wp\/v2\/pages\/24"}],"wp:attachment":[{"href":"https:\/\/latinstudio.fr\/index.php\/wp-json\/wp\/v2\/media?parent=470"}],"curies":[{"name":"wp","href":"https:\/\/api.w.org\/{rel}","templated":true}]}}