{"id":429,"date":"2024-10-16T06:55:59","date_gmt":"2024-10-16T04:55:59","guid":{"rendered":"http:\/\/localhost:8888\/latinstudio\/?page_id=429"},"modified":"2026-04-13T00:42:20","modified_gmt":"2026-04-12T22:42:20","slug":"baby-dance","status":"publish","type":"page","link":"https:\/\/latinstudio.fr\/index.php\/notre-ecole\/les-disciplines\/baby-dance\/","title":{"rendered":"Baby dance"},"content":{"rendered":"<p>[et_pb_section fb_built=\u00a0\u00bb1&Prime; _builder_version=\u00a0\u00bb4.27.2&Prime; _module_preset=\u00a0\u00bbdefault\u00a0\u00bb global_colors_info=\u00a0\u00bb{}\u00a0\u00bb][et_pb_row _builder_version=\u00a0\u00bb4.27.2&Prime; _module_preset=\u00a0\u00bbdefault\u00a0\u00bb global_colors_info=\u00a0\u00bb{}\u00a0\u00bb][et_pb_column type=\u00a0\u00bb4_4&Prime; _builder_version=\u00a0\u00bb4.27.2&Prime; _module_preset=\u00a0\u00bbdefault\u00a0\u00bb global_colors_info=\u00a0\u00bb{}\u00a0\u00bb][et_pb_text _builder_version=\u00a0\u00bb4.27.5&Prime; _module_preset=\u00a0\u00bbdefault\u00a0\u00bb custom_css_free_form=\u00a0\u00bbSelector ul{||  margin-top: -15px;||}\u00a0\u00bb global_colors_info=\u00a0\u00bb{}\u00a0\u00bb]<\/p>\n<h1 style=\"text-align: center;\"><strong>Baby dance<\/strong><\/h1>\n<p style=\"text-align: center;\"><a href=\"https:\/\/latinstudio.yotipi.fr\/index.php\/notre-ecole\/lequipe\/eve\/\"><strong>Avec Eve<\/strong><\/a><\/p>\n<p>&nbsp;<\/p>\n<p>La baby dance ou \u00e9veil \u00e0 la danse permettra \u00e0 votre enfant d\u2019avoir une premi\u00e8re approche de la danse. Il d\u00e9couvrira son corps, l\u2019espace, l\u2019\u00e9volution de leur corps dans l\u2019espace, le rapport \u00e0 l\u2019autre, tout en apprenant les premi\u00e8res bases de la danse (classique et moderne).<\/p>\n<p>Marie, dipl\u00f4m\u00e9e d\u2019Etat et professeur exp\u00e9riment\u00e9e saura leur donner go\u00fbt \u00e0 la danse et les faire progresser, chacun et chacune \u00e0 leur rythme.<\/p>\n<p>Le tout sur des musiques modernes d\u2019aujourd\u2019hui !<\/p>\n<p>Cours:<\/p>\n<ul>\n<li>Le mercredi de 17h \u00e0 18h<\/li>\n<li>Le samedi de 10h \u00e0 11h<\/li>\n<\/ul>\n<p class=\"has-text-align-center\" style=\"text-align: left;\">Retrouvez ce cours les Mercredi et Samedi \u2013 <span>Voir le\u00a0<\/span><a href=\"https:\/\/latinstudio.yotipi.fr\/index.php\/planning\/\" data-type=\"URL\" data-id=\"https:\/\/www.latinstudio.fr\/planning-des-cours\/\">planning<\/a><\/p>\n<p>[\/et_pb_text][\/et_pb_column][\/et_pb_row][\/et_pb_section]<\/p>\n","protected":false},"excerpt":{"rendered":"<p>Baby dance Avec Eve &nbsp; La baby dance ou \u00e9veil \u00e0 la danse permettra \u00e0 votre enfant d\u2019avoir une premi\u00e8re approche de la danse. Il d\u00e9couvrira son corps, l\u2019espace, l\u2019\u00e9volution de leur corps dans l\u2019espace, le rapport \u00e0 l\u2019autre, tout en apprenant les premi\u00e8res bases de la danse (classique et moderne). Marie, dipl\u00f4m\u00e9e d\u2019Etat et [&hellip;]<\/p>\n","protected":false},"author":1,"featured_media":0,"parent":24,"menu_order":0,"comment_status":"closed","ping_status":"closed","template":"","meta":{"_et_pb_use_builder":"on","_et_pb_old_content":"","_et_gb_content_width":"","footnotes":""},"class_list":["post-429","page","type-page","status-publish","hentry"],"_links":{"self":[{"href":"https:\/\/latinstudio.fr\/index.php\/wp-json\/wp\/v2\/pages\/429","targetHints":{"allow":["GET"]}}],"collection":[{"href":"https:\/\/latinstudio.fr\/index.php\/wp-json\/wp\/v2\/pages"}],"about":[{"href":"https:\/\/latinstudio.fr\/index.php\/wp-json\/wp\/v2\/types\/page"}],"author":[{"embeddable":true,"href":"https:\/\/latinstudio.fr\/index.php\/wp-json\/wp\/v2\/users\/1"}],"replies":[{"embeddable":true,"href":"https:\/\/latinstudio.fr\/index.php\/wp-json\/wp\/v2\/comments?post=429"}],"version-history":[{"count":9,"href":"https:\/\/latinstudio.fr\/index.php\/wp-json\/wp\/v2\/pages\/429\/revisions"}],"predecessor-version":[{"id":1319,"href":"https:\/\/latinstudio.fr\/index.php\/wp-json\/wp\/v2\/pages\/429\/revisions\/1319"}],"up":[{"embeddable":true,"href":"https:\/\/latinstudio.fr\/index.php\/wp-json\/wp\/v2\/pages\/24"}],"wp:attachment":[{"href":"https:\/\/latinstudio.fr\/index.php\/wp-json\/wp\/v2\/media?parent=429"}],"curies":[{"name":"wp","href":"https:\/\/api.w.org\/{rel}","templated":true}]}}