{"id":1103,"date":"2026-01-07T15:26:14","date_gmt":"2026-01-07T14:26:14","guid":{"rendered":"https:\/\/latinstudio.yotipi.fr\/?page_id=1103"},"modified":"2026-04-12T23:20:16","modified_gmt":"2026-04-12T21:20:16","slug":"commercial-girly","status":"publish","type":"page","link":"https:\/\/latinstudio.fr\/index.php\/notre-ecole\/les-disciplines\/commercial-girly\/","title":{"rendered":"Commercial Girly"},"content":{"rendered":"<p>[et_pb_section fb_built=\u00a0\u00bb1&Prime; _builder_version=\u00a0\u00bb4.27.5&Prime; _module_preset=\u00a0\u00bbdefault\u00a0\u00bb global_colors_info=\u00a0\u00bb{}\u00a0\u00bb][et_pb_row _builder_version=\u00a0\u00bb4.27.5&Prime; _module_preset=\u00a0\u00bbdefault\u00a0\u00bb global_colors_info=\u00a0\u00bb{}\u00a0\u00bb][et_pb_column type=\u00a0\u00bb4_4&Prime; _builder_version=\u00a0\u00bb4.27.5&Prime; _module_preset=\u00a0\u00bbdefault\u00a0\u00bb global_colors_info=\u00a0\u00bb{}\u00a0\u00bb][et_pb_text _builder_version=\u00a0\u00bb4.27.6&Prime; _module_preset=\u00a0\u00bbdefault\u00a0\u00bb hover_enabled=\u00a0\u00bb0&Prime; global_colors_info=\u00a0\u00bb{}\u00a0\u00bb sticky_enabled=\u00a0\u00bb0&Prime;]<\/p>\n<p style=\"text-align: center;\"><span style=\"color: #000000;\"><strong>Commercial girly<br \/><a href=\"https:\/\/latinstudio.fr\/index.php\/notre-ecole\/lequipe\/mykimy\/\">Mykimy<\/a><\/strong><\/span><\/p>\n<p><span style=\"color: #000000;\"><strong><\/strong><\/span><\/p>\n<p><span style=\"color: #000000;\"><strong><\/strong><\/span><\/p>\n<p><span style=\"color: #000000;\"><strong><\/strong><\/span><\/p>\n<p>Un moment fun et \u00e9nergisant pour te l\u00e2cher et t\u2019amuser en musique !<br \/>Apprends \u00e0 r\u00e9v\u00e9ler ta f\u00e9minit\u00e9 \u00e0 travers des chor\u00e9graphies styl\u00e9es et accessibles.<br \/>Dans une ambiance bienveillante, viens prendre confiance en toi sans pression.<br \/>Sourires, bonne humeur et empowerment au rendez-vous \u00e0 chaque s\u00e9ance !<br \/>Un cours parfait pour te sentir belle, forte et libre<\/p>\n<p><span style=\"color: #000000;\">Cours:<\/span><\/p>\n<ul>\n<li><span style=\"color: #808080;\">D\u00e9butant: Le mardi de 20h \u00e0 21h &#8211;<\/span> Voir le <a href=\"https:\/\/latinstudio.yotipi.fr\/index.php\/planning\/\" data-type=\"URL\" data-id=\"https:\/\/www.latinstudio.fr\/planning-des-cours\/\" data-rich-text-format-boundary=\"true\">planning<\/a><\/li>\n<li>Interm\u00e9diaire: Le mardi de 21h \u00e0 22h<\/li>\n<\/ul>\n<p>[\/et_pb_text][\/et_pb_column][\/et_pb_row][\/et_pb_section]<\/p>\n","protected":false},"excerpt":{"rendered":"<p>Commercial girlyMykimy Un moment fun et \u00e9nergisant pour te l\u00e2cher et t\u2019amuser en musique !Apprends \u00e0 r\u00e9v\u00e9ler ta f\u00e9minit\u00e9 \u00e0 travers des chor\u00e9graphies styl\u00e9es et accessibles.Dans une ambiance bienveillante, viens prendre confiance en toi sans pression.Sourires, bonne humeur et empowerment au rendez-vous \u00e0 chaque s\u00e9ance !Un cours parfait pour te sentir belle, forte et libre [&hellip;]<\/p>\n","protected":false},"author":1,"featured_media":0,"parent":24,"menu_order":0,"comment_status":"closed","ping_status":"closed","template":"","meta":{"_et_pb_use_builder":"on","_et_pb_old_content":"","_et_gb_content_width":"","footnotes":""},"class_list":["post-1103","page","type-page","status-publish","hentry"],"_links":{"self":[{"href":"https:\/\/latinstudio.fr\/index.php\/wp-json\/wp\/v2\/pages\/1103","targetHints":{"allow":["GET"]}}],"collection":[{"href":"https:\/\/latinstudio.fr\/index.php\/wp-json\/wp\/v2\/pages"}],"about":[{"href":"https:\/\/latinstudio.fr\/index.php\/wp-json\/wp\/v2\/types\/page"}],"author":[{"embeddable":true,"href":"https:\/\/latinstudio.fr\/index.php\/wp-json\/wp\/v2\/users\/1"}],"replies":[{"embeddable":true,"href":"https:\/\/latinstudio.fr\/index.php\/wp-json\/wp\/v2\/comments?post=1103"}],"version-history":[{"count":4,"href":"https:\/\/latinstudio.fr\/index.php\/wp-json\/wp\/v2\/pages\/1103\/revisions"}],"predecessor-version":[{"id":1287,"href":"https:\/\/latinstudio.fr\/index.php\/wp-json\/wp\/v2\/pages\/1103\/revisions\/1287"}],"up":[{"embeddable":true,"href":"https:\/\/latinstudio.fr\/index.php\/wp-json\/wp\/v2\/pages\/24"}],"wp:attachment":[{"href":"https:\/\/latinstudio.fr\/index.php\/wp-json\/wp\/v2\/media?parent=1103"}],"curies":[{"name":"wp","href":"https:\/\/api.w.org\/{rel}","templated":true}]}}